*m + 49 = d - v*m. What are the prime factors of d?
5, 11
Suppose -2713 + 445 = -b - 5*y, 3*y = 5*b - 11312. List the prime factors of b.
31, 73
Suppose -14 = -4*r - 2*c, 5*c - 17 = -0*r - r. Suppose -d + 3 = -r. Suppose j = 2, -3*x - d*j + 109 = -15. List the prime factors of x.
2, 19
Suppose 23410 = 33*k - 3221. What are the prime factors of k?
3, 269
Suppose -5*q + 10 = 3*d, 4*d - 3*q - 28 = -d. Suppose 35 = 4*j + p, 2*j - d*j - 4*p = -36. Let n = j - -7. What are the prime factors of n?
3, 5
Let s = 1197 + -571. List the prime factors of s.
2, 313
Let h(j) = 4 + j**2 + j**3 + 4*j + 0*j**3 - 6*j**2. Let t be h(4). Suppose -t*n = 0, -2*k + 36 = -0*n - 3*n. List the prime factors of k.
2, 3
Let w be 1 + (-142)/((-1)/(-1)). Let y = -83 - w. What are the prime factors of y?
2, 29
Let k(x) = -x**3 + 10*x**2 - x + 4. Let b be k(10). What are the prime factors of (-100)/b*6/5?
2, 5
Let l be (-40)/6 + 10/15. Let r be (-231)/15 - l/15. Let y = -11 - r. List the prime factors of y.
2
Let c(u) = -u**2 - 6*u + 2. Let m be c(-6). Let h be m/(-5) + (-85)/(-25). Suppose -145 = -2*p - h*p. What are the prime factors of p?
29
Let a(b) = -5*b**2 - 75*b + 94. Let j(h) = -h**2 - 15*h + 19. Let q(n) = -2*a(n) + 11*j(n). What are the prime factors of q(-15)?
3, 7
Suppose 2*m - 1135 = -3*m. Suppose -c + 4*c = 2*a - 207, 2*a = -c + m. Suppose -a = -5*x + 204. List the prime factors of x.
3, 7
What are the prime factors of 10/(10/9) + 1900?
23, 83
Let n = 2910 - -934. What are the prime factors of n?
2, 31
List the prime factors of (5/(-3))/((-48)/92448).
2, 3, 5, 107
Let a(b) be the second derivative of b**5/20 - b**4/4 + b**3/2 - b**2/2 - b. Let v be a(2). Suppose -5*z = -21 + v. List the prime factors of z.
2
Let v(i) = -i**3 + 9*i**2 - 9*i. Let r be v(8). Let w = 5 - r. Let p = w + 5. What are the prime factors of p?
2, 3
Let o be (-3)/((24/10)/(-4)). Suppose 3*t = -4*r + 3, 3*r = -o*t + r + 19. Let c(y) = 3*y - 1. What are the prime factors of c(t)?
2, 7
Let o be 7/(35/15) + -5. List the prime factors of o/(-8) - 611/(-52).
2, 3
Let m(d) = -d**2 - 3*d + 8. Let f be m(-4). Suppose -138 = -2*j - f*j. List the prime factors of j.
23
Suppose 0 = 3*i + 5*x - 578 + 68, 3*x + 816 = 5*i. What are the prime factors of i?
3, 5, 11
Let y be 1 + (1 - -2) + 1. Suppose -y*b = 4*v - 124, -2*b + 4*v - v = -68. List the prime factors of (4 + -3)*(b - -1).
29
Let r = 1039 - 677. What are the prime factors of r?
2, 181
Suppose 2*m = 3*f - 2072, -f + 3*f = -2*m + 1388. What are the prime factors of f?
2, 173
Let h(b) be the third derivative of b**6/180 + 11*b**5/120 + 7*b**4/12 + 3*b**2. Let a(u) be the second derivative of h(u). What are the prime factors of a(5)?
31
Let s = -91 - -167. What are the prime factors of s?
2, 19
Suppose 0 = 25*y - 29*y + 8. Suppose -103 = -y*d - 5*j + 6*j, 3*d = j + 154. List the prime factors of d.
3, 17
Let z(t) = 6*t**2 + 63*t - 60. List the prime factors of z(-30).
2, 3, 5, 23
Suppose -5*m + 2*t + 2483 = 0, 2*m + 2*t = 891 + 105. List the prime factors of m.
7, 71
Let o be 7/(-5) + 1 + (-1071)/85. Let f(m) = -m**3 - 14*m**2 - 18*m - 10. What are the prime factors of f(o)?
5, 11
Let z be ((-704)/(-12))/(4/6). Suppose 11*j = 7*j + z. List the prime factors of j.
2, 11
Let c be ((-90)/(-8))/((-1)/4). Let s be c/(-18) - (-2)/4. Suppose -s = j - q - 38, -2*q + 125 = 3*j. What are the prime factors of j?
3, 13
Let s(w) = w - 7. Let c be s(8). Let b be (-1 + 2)*(3 - c). List the prime factors of (3/(-6))/(b/(-96)).
2, 3
What are the prime factors of (26999/147)/((-1)/(-3))?
19, 29
Suppose o = 2*o - 2. Suppose -3*a + 117 = -o*u, -u + 108 = 3*a - 0*u. Suppose a = -0*x + x. List the prime factors of x.
37
Suppose -3*i = -10*i + 9653. Suppose -10*f = -3*f - i. What are the prime factors of f?
197
Let g = 98 - 64. Suppose -5*t = -x + 23, 4*x - 5*t - g = 13. Let q = 13 - x. List the prime factors of q.
5
Let h = -23 + 17. List the prime factors of (1/(-2) - 3)*h.
3, 7
Let m(w) = w**3 - 15*w**2 + 18*w + 3. Suppose 0*r + 5*r = -4*k + 36, -54 = -3*k + 3*r. What are the prime factors of m(k)?
59
Let b = 512 - 347. List the prime factors of ((-16)/(-48))/(1/b).
5, 11
Suppose 2*y + 134 = 164. List the prime factors of 620/y - 2/(-3).
2, 3, 7
Let j be ((-2)/4)/(-6 - 1975/(-330)). Let m = j + 203. List the prime factors of m.
2, 59
Let y(n) = -n**3 + 16*n**2 + 16*n + 9. What are the prime factors of y(14)?
5
Suppose -2*i = 5*p - 3066, -7*i + 12*i - 7707 = -2*p. List the prime factors of i.
1543
Suppose 6 = -2*f, -5*w + f + 4*f = -6420. List the prime factors of w.
3, 7, 61
Suppose 4*c = -1074 + 14. Let k = c - -373. What are the prime factors of k?
2, 3
Let r(k) = 87*k - 11. List the prime factors of r(3).
2, 5
Suppose -g - 4*k = -3*g + 26, g + 5*k + 8 = 0. Let y = g - -14. What are the prime factors of y?
3, 7
Let a(b) = 42*b**2 + 73*b + 143. What are the prime factors of a(-2)?
3, 5, 11
Let i = 1 - -7. Let w be ((-12)/8 + 4)*i. Suppose 0 = -n + w + 3. List the prime factors of n.
23
Suppose -2*s + 27 = -s + 4*a, 27 = s - 3*a. Let b(i) = i**3 - 27*i**2 + 6*i + 33. What are the prime factors of b(s)?
3, 5, 13
Let q(a) = a**3 + 13*a**2 - 2*a - 13. Let k be q(-13). Let c = -13 + k. Suppose 4*v - 3*v = w - 30, c = -2*w + 4*v + 70. What are the prime factors of w?
5
Suppose 4*c = 4*f - 6 + 378, 2*c = -5*f + 207. Suppose -6*v + 2*v + 8 = 0. Suppose 5*s + 214 = 4*x + 24, -2*x + c = -v*s. What are the prime factors of x?
2, 5
Let m be 12/18*(-2 - 22). Let z(p) = p**2 + 12*p - 12. What are the prime factors of z(m)?
2, 13
Suppose -3*b + 1 + 1214 = 0. List the prime factors of b.
3, 5
Suppose 2*w - 11 = -g, w + w = -4*g + 20. Suppose -3*h - r + 11 = 0, 3*h + w*r - 7 = 1. Let n(k) = 2*k + 4. List the prime factors of n(h).
2, 3
Suppose 5*t - 1739 = 426. List the prime factors of t.
433
Suppose 10 = -8*v + 6*v. Let x(d) = 3 - 5*d - 2 - 5. List the prime factors of x(v).
3, 7
Let b(q) be the second derivative of q**5/20 - q**4/6 - 3*q**2 - 20*q. What are the prime factors of b(4)?
2, 13
Let l(k) = -8 + k**2 + 3*k + 6*k + 0*k. List the prime factors of l(-11).
2, 7
Let y(f) = -f**2 + 5*f - 5. Let n be y(4). What are the prime factors of n/((-2)/(-12) - (-267)/(-1548))?
2, 43
Suppose 0 = 5*u + 14 + 6. Let o(y) = y**3 + 5*y**2 + 6*y + 10. Let l be o(u). Suppose -5*j = -l*a + 18, 3*a + 3*j - 107 = -2*a. List the prime factors of a.
19
Let h = 4 - -1. Suppose h*w - 1 = 9. Suppose -3*s = w*s - 10. List the prime factors of s.
2
Let s(d) = -2*d + 34. Let w be s(-14). Let n(h) = -10*h**2 + h. Let r be n(1). Let x = w - r. List the prime factors of x.
71
Let k(n) = 167*n + 7. Let l be k(7). Suppose 8*y - 4*y - l = -4*q, 4*y = -q + 279. What are the prime factors of q?
13, 23
Let p be (7 - 11)/(4/(-222)). Suppose -4*b + b = -p. List the prime factors of b.
2, 37
Let k(i) = 24*i**2 + 18*i - 65. What are the prime factors of k(9)?
13, 157
Suppose s - 10 + 5 = -2*x, x + 2 = -2*s. Let f(a) = -5*a**3 - 3*a**2 - 9*a - 6. What are the prime factors of f(s)?
3, 43
Suppose 0*v = 5*i + v, 3*v = 5*i. Suppose r + 4*t = 234, i = 3*r + t + 4*t - 688. List the prime factors of r.
2, 113
What are the prime factors of (-332)/6*(-17 + -4)?
2, 7, 83
Let z = 2418 - 1191. List the prime factors of z.
3, 409
Suppose h + 0*y - y = 40, -4*h = 3*y - 132. Suppose b + h - 171 = 0. What are the prime factors of b?
3, 5
Let d = -24 + 18. Let u be (42*d/9)/(-2). Let y = 32 - u. List the prime factors of y.
2, 3
Suppose -2*h - h - 68 = 2*o, 2*h - 3*o = -67. Let g = 149 - h. List the prime factors of g.
5, 7
Suppose -o = -3*o - 4*y, 0 = o - 4*y - 18. What are the prime factors of (-6)/18 - ((-32)/o - 0)?
5
Let o be (-1)/3 + (-14)/(-6). Suppose -g - 2*t - 6 = 0, o*t = -0*t. List the prime factors of (34/(-3))/(g/9).
17
Let h(s) = s**2 - s - 1. Let m be h(3). Suppose -m*o = 9 - 24. List the prime factors of o.
3
Let d(r) = 29*r**2 + 9*r + 26. List the prime factors of d(-10).
2, 709
Let g(n) be the third derivative of n**5/30 + n**4/2 - 11*n**3/2 - 35*n**2. List the prime factors of g(-14).
191
Let y = -160 + -276. List the prime factors of (-1)/(10/y) - (-58)/145.
2, 11
Let o be 13 + 3/(-3) - -1. Suppose 1 = -4*m + o. What are the prime factors of m?
3
Suppose -7 = -4*i - 3*c + 24, 0 = -5*i + 5*c - 5. Suppose -i*g 